CRAN Package Check Results for Package RcppSpdlog

Last updated on 2022-08-17 15:50:03 CEST.

Flavor Version Tinstall Tcheck Ttotal Status Flags
r-devel-linux-x86_64-debian-clang 0.0.8 34.84 30.25 65.09 OK
r-devel-linux-x86_64-debian-gcc 0.0.8 OK
r-devel-linux-x86_64-fedora-clang 0.0.8 96.41 OK
r-devel-linux-x86_64-fedora-gcc 0.0.8 98.40 OK
r-devel-windows-x86_64 0.0.8 117.00 85.00 202.00 OK
r-patched-linux-x86_64 0.0.8 29.88 29.82 59.70 OK
r-release-linux-x86_64 0.0.8 33.66 30.17 63.83 OK
r-release-macos-arm64 0.0.8 30.00 NOTE
r-release-macos-x86_64 0.0.8 38.00 NOTE
r-release-windows-x86_64 0.0.8 86.00 87.00 173.00 OK
r-oldrel-macos-arm64 0.0.8 29.00 NOTE
r-oldrel-macos-x86_64 0.0.8 44.00 NOTE
r-oldrel-windows-ix86+x86_64 0.0.8 91.00 87.00 178.00 OK

Check Details

Version: 0.0.8
Check: installed package size
Result: NOTE
     installed size is 5.1Mb
     sub-directories of 1Mb or more:
     include 1.0Mb
     libs 3.8Mb
Flavors: r-release-macos-arm64, r-release-macos-x86_64, r-oldrel-macos-arm64, r-oldrel-macos-x86_64