Last updated on 2023-09-25 04:00:53 CEST.
Flavor | Version | Tinstall | Tcheck | Ttotal | Status | Flags |
---|---|---|---|---|---|---|
r-devel-linux-x86_64-debian-clang | 0.5.0 | 49.35 | 52.54 | 101.89 | OK | |
r-devel-linux-x86_64-debian-gcc | 0.5.0 | 34.44 | 39.59 | 74.03 | OK | |
r-devel-linux-x86_64-fedora-clang | 0.5.0 | 119.91 | OK | |||
r-devel-linux-x86_64-fedora-gcc | 0.5.0 | 134.45 | OK | |||
r-devel-windows-x86_64 | 0.5.0 | 31.00 | 92.00 | 123.00 | OK | |
r-patched-linux-x86_64 | 0.5.0 | 52.55 | 51.51 | 104.06 | OK | |
r-release-linux-x86_64 | 0.5.0 | 53.78 | 52.45 | 106.23 | OK | |
r-release-macos-arm64 | 0.5.0 | 37.00 | NOTE | |||
r-release-macos-x86_64 | 0.5.0 | 94.00 | NOTE | |||
r-release-windows-x86_64 | 0.5.0 | 32.00 | 98.00 | 130.00 | OK | |
r-oldrel-macos-arm64 | 0.5.0 | 43.00 | NOTE | |||
r-oldrel-macos-x86_64 | 0.5.0 | 52.00 | NOTE | |||
r-oldrel-windows-x86_64 | 0.5.0 | 38.00 | 96.00 | 134.00 | OK |
Version: 0.5.0
Check: installed package size
Result: NOTE
installed size is 6.2Mb
sub-directories of 1Mb or more:
libs 6.0Mb
Flavors: r-release-macos-arm64, r-release-macos-x86_64, r-oldrel-macos-arm64, r-oldrel-macos-x86_64