CRAN Package Check Results for Package RcppClock

Last updated on 2023-09-22 04:01:21 CEST.

Flavor Version Tinstall Tcheck Ttotal Status Flags
r-devel-linux-x86_64-debian-clang 1.1 21.94 53.48 75.42 NOTE
r-devel-linux-x86_64-debian-gcc 1.1 16.24 42.85 59.09 NOTE
r-devel-linux-x86_64-fedora-clang 1.1 104.05 NOTE
r-devel-linux-x86_64-fedora-gcc 1.1 109.37 NOTE
r-devel-windows-x86_64 1.1 22.00 168.00 190.00 NOTE
r-patched-linux-x86_64 1.1 21.80 53.56 75.36 NOTE
r-release-linux-x86_64 1.1 21.85 53.82 75.67 NOTE
r-release-macos-arm64 1.1 30.00 NOTE
r-release-macos-x86_64 1.1 46.00 NOTE
r-release-windows-x86_64 1.1 26.00 97.00 123.00 NOTE
r-oldrel-macos-arm64 1.1 36.00 OK
r-oldrel-macos-x86_64 1.1 54.00 OK
r-oldrel-windows-x86_64 1.1 25.00 88.00 113.00 OK

Check Details

Version: 1.1
Check: C++ specification
Result: NOTE
     Specified C++11: please drop specification unless essential
Flavors: r-devel-linux-x86_64-debian-clang, r-devel-linux-x86_64-debian-gcc, r-devel-linux-x86_64-fedora-clang, r-devel-linux-x86_64-fedora-gcc, r-devel-windows-x86_64, r-patched-linux-x86_64, r-release-linux-x86_64, r-release-macos-arm64, r-release-macos-x86_64, r-release-windows-x86_64