Last updated on 2022-05-26 03:53:18 CEST.
Flavor | Version | Tinstall | Tcheck | Ttotal | Status | Flags |
---|---|---|---|---|---|---|
r-devel-linux-x86_64-debian-clang | 0.11.1.1.0 | 52.92 | 315.33 | 368.25 | OK | |
r-devel-linux-x86_64-debian-gcc | 0.11.1.1.0 | 39.72 | 228.50 | 268.22 | OK | |
r-devel-linux-x86_64-fedora-clang | 0.11.1.1.0 | 486.77 | NOTE | |||
r-devel-linux-x86_64-fedora-gcc | 0.11.1.1.0 | 414.16 | OK | |||
r-devel-windows-x86_64 | 0.11.1.1.0 | 689.00 | 367.00 | 1056.00 | NOTE | |
r-patched-linux-x86_64 | 0.11.1.1.0 | 41.03 | 274.75 | 315.78 | OK | |
r-release-linux-x86_64 | 0.11.1.1.0 | OK | ||||
r-release-macos-arm64 | 0.11.1.1.0 | 142.00 | NOTE | |||
r-release-macos-x86_64 | 0.11.1.1.0 | 191.00 | NOTE | |||
r-release-windows-x86_64 | 0.11.1.1.0 | 744.00 | 363.00 | 1107.00 | NOTE | |
r-oldrel-macos-arm64 | 0.11.1.1.0 | 133.00 | NOTE | |||
r-oldrel-macos-x86_64 | 0.11.1.1.0 | 180.00 | NOTE | |||
r-oldrel-windows-ix86+x86_64 | 0.11.1.1.0 | 116.00 | 580.00 | 696.00 | NOTE |
Version: 0.11.1.1.0
Check: installed package size
Result: NOTE
installed size is 8.5Mb
sub-directories of 1Mb or more:
include 6.3Mb
libs 1.4Mb
Flavors: r-devel-linux-x86_64-fedora-clang, r-devel-windows-x86_64, r-release-macos-arm64, r-release-macos-x86_64, r-release-windows-x86_64, r-oldrel-macos-arm64, r-oldrel-macos-x86_64, r-oldrel-windows-ix86+x86_64