CRAN Package Check Results for Package Rcatch22

Last updated on 2022-09-28 15:50:03 CEST.

Flavor Version Tinstall Tcheck Ttotal Status Flags
r-devel-linux-x86_64-debian-clang 0.2.1 26.81 38.63 65.44 OK
r-devel-linux-x86_64-debian-gcc 0.2.1 18.00 30.59 48.59 OK
r-devel-linux-x86_64-fedora-clang 0.2.1 101.61 NOTE
r-devel-linux-x86_64-fedora-gcc 0.2.1 93.19 NOTE
r-devel-windows-x86_64 0.2.1 58.00 102.00 160.00 OK
r-patched-linux-x86_64 0.2.1 21.47 38.22 59.69 OK
r-release-linux-x86_64 0.2.1 22.96 37.32 60.28 OK
r-release-macos-arm64 0.2.1 29.00 NOTE
r-release-macos-x86_64 0.2.1 40.00 NOTE
r-release-windows-x86_64 0.2.1 56.00 98.00 154.00 OK
r-oldrel-macos-arm64 0.2.1 28.00 NOTE
r-oldrel-macos-x86_64 0.2.1 48.00 NOTE
r-oldrel-windows-ix86+x86_64 0.2.1 75.00 105.00 180.00 OK

Check Details

Version: 0.2.1
Check: dependencies in R code
Result: NOTE
    Namespace in Imports field not imported from: ‘stats’
     All declared Imports should be used.
Flavors: r-devel-linux-x86_64-fedora-clang, r-devel-linux-x86_64-fedora-gcc, r-release-macos-arm64, r-release-macos-x86_64, r-oldrel-macos-arm64, r-oldrel-macos-x86_64