CRAN Package Check Results for Package Rcan

Last updated on 2022-09-28 15:50:03 CEST.

Flavor Version Tinstall Tcheck Ttotal Status Flags
r-devel-linux-x86_64-debian-clang 1.3.82 10.00 138.40 148.40 OK
r-devel-linux-x86_64-debian-gcc 1.3.82 7.17 98.20 105.37 OK
r-devel-linux-x86_64-fedora-clang 1.3.82 175.76 NOTE
r-devel-linux-x86_64-fedora-gcc 1.3.82 169.38 NOTE
r-devel-windows-x86_64 1.3.82 23.00 152.00 175.00 OK
r-patched-linux-x86_64 1.3.82 8.64 120.24 128.88 OK
r-release-linux-x86_64 1.3.82 9.39 118.80 128.19 OK
r-release-macos-arm64 1.3.82 40.00 NOTE
r-release-macos-x86_64 1.3.82 79.00 NOTE
r-release-windows-x86_64 1.3.82 20.00 151.00 171.00 OK
r-oldrel-macos-arm64 1.3.82 47.00 NOTE
r-oldrel-macos-x86_64 1.3.82 78.00 NOTE
r-oldrel-windows-ix86+x86_64 1.3.82 19.00 153.00 172.00 OK

Check Details

Version: 1.3.82
Check: data for non-ASCII characters
Result: NOTE
     Note: found 26334 marked UTF-8 strings
Flavors: r-devel-linux-x86_64-fedora-clang, r-devel-linux-x86_64-fedora-gcc, r-release-macos-arm64, r-release-macos-x86_64, r-oldrel-macos-arm64, r-oldrel-macos-x86_64