Last updated on 2022-06-30 03:53:32 CEST.
Flavor | Version | Tinstall | Tcheck | Ttotal | Status | Flags |
---|---|---|---|---|---|---|
r-devel-linux-x86_64-debian-clang | 1.1.0 | 333.44 | 187.43 | 520.87 | OK | |
r-devel-linux-x86_64-debian-gcc | 1.1.0 | 278.10 | 142.67 | 420.77 | OK | |
r-devel-linux-x86_64-fedora-clang | 1.1.0 | 809.67 | NOTE | |||
r-devel-linux-x86_64-fedora-gcc | 1.1.0 | 727.75 | OK | |||
r-devel-windows-x86_64 | 1.1.0 | 282.00 | 250.00 | 532.00 | NOTE | |
r-patched-linux-x86_64 | 1.1.0 | 260.32 | 181.84 | 442.16 | OK | |
r-release-linux-x86_64 | 1.1.0 | 227.01 | 181.97 | 408.98 | OK | |
r-release-macos-arm64 | 1.1.0 | 192.00 | NOTE | |||
r-release-macos-x86_64 | 1.1.0 | 232.00 | NOTE | |||
r-release-windows-x86_64 | 1.1.0 | 310.00 | 244.00 | 554.00 | NOTE | |
r-oldrel-macos-arm64 | 1.1.0 | 172.00 | NOTE | |||
r-oldrel-macos-x86_64 | 1.1.0 | 241.00 | NOTE | |||
r-oldrel-windows-ix86+x86_64 | 1.1.0 | 780.00 | 323.00 | 1103.00 | NOTE |
Version: 1.1.0
Check: installed package size
Result: NOTE
installed size is 15.9Mb
sub-directories of 1Mb or more:
data 3.9Mb
libs 10.9Mb
Flavors: r-devel-linux-x86_64-fedora-clang, r-devel-windows-x86_64, r-release-macos-arm64, r-release-macos-x86_64, r-release-windows-x86_64, r-oldrel-macos-arm64, r-oldrel-macos-x86_64, r-oldrel-windows-ix86+x86_64