CRAN Package Check Results for Package Raquifer

Last updated on 2022-05-19 04:51:12 CEST.

Flavor Version Tinstall Tcheck Ttotal Status Flags
r-devel-linux-x86_64-debian-clang 0.1.0 7.43 79.79 87.22 NOTE
r-devel-linux-x86_64-debian-gcc 0.1.0 5.77 58.87 64.64 NOTE
r-devel-linux-x86_64-fedora-clang 0.1.0 101.69 NOTE
r-devel-linux-x86_64-fedora-gcc 0.1.0 104.98 NOTE
r-devel-windows-x86_64 0.1.0 24.00 99.00 123.00 NOTE
r-patched-linux-x86_64 0.1.0 6.96 75.56 82.52 NOTE
r-release-linux-x86_64 0.1.0 5.96 74.89 80.85 NOTE
r-release-macos-arm64 0.1.0 34.00 NOTE
r-release-macos-x86_64 0.1.0 56.00 NOTE
r-release-windows-x86_64 0.1.0 33.00 100.00 133.00 NOTE
r-oldrel-macos-arm64 0.1.0 41.00 NOTE
r-oldrel-macos-x86_64 0.1.0 54.00 NOTE
r-oldrel-windows-ix86+x86_64 0.1.0 16.00 101.00 117.00 NOTE

Check Details

Version: 0.1.0
Check: LazyData
Result: NOTE
     'LazyData' is specified without a 'data' directory
Flavors: r-devel-linux-x86_64-debian-clang, r-devel-linux-x86_64-debian-gcc, r-devel-linux-x86_64-fedora-clang, r-devel-linux-x86_64-fedora-gcc, r-devel-windows-x86_64, r-patched-linux-x86_64, r-release-linux-x86_64, r-release-macos-arm64, r-release-macos-x86_64, r-release-windows-x86_64, r-oldrel-macos-arm64, r-oldrel-macos-x86_64, r-oldrel-windows-ix86+x86_64