CRAN Package Check Results for Package RanglaPunjab

Last updated on 2022-06-28 03:51:40 CEST.

Flavor Version Tinstall Tcheck Ttotal Status Flags
r-devel-linux-x86_64-debian-clang 2.3.4 10.89 87.40 98.29 NOTE
r-devel-linux-x86_64-debian-gcc 2.3.4 9.14 64.63 73.77 NOTE
r-devel-linux-x86_64-fedora-clang 2.3.4 125.26 NOTE
r-devel-linux-x86_64-fedora-gcc 2.3.4 124.94 NOTE
r-devel-windows-x86_64 2.3.4 31.00 112.00 143.00 NOTE
r-patched-linux-x86_64 2.3.4 10.76 82.27 93.03 NOTE
r-release-linux-x86_64 2.3.4 7.77 81.15 88.92 NOTE
r-release-macos-arm64 2.3.4 34.00 NOTE
r-release-macos-x86_64 2.3.4 58.00 NOTE
r-release-windows-x86_64 2.3.4 28.00 110.00 138.00 NOTE
r-oldrel-macos-arm64 2.3.4 40.00 NOTE
r-oldrel-macos-x86_64 2.3.4 64.00 NOTE
r-oldrel-windows-ix86+x86_64 2.3.4 28.00 106.00 134.00 NOTE

Check Details

Version: 2.3.4
Check: LazyData
Result: NOTE
     'LazyData' is specified without a 'data' directory
Flavors: r-devel-linux-x86_64-debian-clang, r-devel-linux-x86_64-debian-gcc, r-devel-linux-x86_64-fedora-clang, r-devel-linux-x86_64-fedora-gcc, r-devel-windows-x86_64, r-patched-linux-x86_64, r-release-linux-x86_64, r-release-macos-arm64, r-release-macos-x86_64, r-release-windows-x86_64, r-oldrel-macos-arm64, r-oldrel-macos-x86_64, r-oldrel-windows-ix86+x86_64