CRAN Package Check Results for Package RagGrid

Last updated on 2025-01-22 15:50:15 CET.

Flavor Version Tinstall Tcheck Ttotal Status Flags
r-devel-linux-x86_64-debian-clang 0.2.0 2.90 22.30 25.20 OK
r-devel-linux-x86_64-debian-gcc 0.2.0 2.21 18.66 20.87 OK
r-devel-linux-x86_64-fedora-clang 0.2.0 40.86 NOTE
r-devel-linux-x86_64-fedora-gcc 0.2.0 38.51 NOTE
r-devel-windows-x86_64 0.2.0 5.00 44.00 49.00 OK
r-patched-linux-x86_64 0.2.0 2.69 21.52 24.21 OK
r-release-linux-x86_64 0.2.0 2.69 21.86 24.55 OK
r-release-macos-arm64 0.2.0 18.00 OK
r-release-macos-x86_64 0.2.0 37.00 OK
r-release-windows-x86_64 0.2.0 4.00 42.00 46.00 OK
r-oldrel-macos-arm64 0.2.0 19.00 OK
r-oldrel-macos-x86_64 0.2.0 24.00 OK
r-oldrel-windows-x86_64 0.2.0 5.00 47.00 52.00 OK

Check Details

Version: 0.2.0
Check: dependencies in R code
Result: NOTE Namespace in Imports field not imported from: ‘knitr’ All declared Imports should be used. Flavors: r-devel-linux-x86_64-fedora-clang, r-devel-linux-x86_64-fedora-gcc