CRAN Package Check Results for Package RVenn

Last updated on 2022-09-28 15:50:06 CEST.

Flavor Version Tinstall Tcheck Ttotal Status Flags
r-devel-linux-x86_64-debian-clang 1.1.0 4.09 59.91 64.00 NOTE
r-devel-linux-x86_64-debian-gcc 1.1.0 3.61 45.69 49.30 NOTE
r-devel-linux-x86_64-fedora-clang 1.1.0 92.17 NOTE
r-devel-linux-x86_64-fedora-gcc 1.1.0 91.28 NOTE
r-devel-windows-x86_64 1.1.0 8.00 91.00 99.00 NOTE
r-patched-linux-x86_64 1.1.0 4.63 57.73 62.36 NOTE
r-release-linux-x86_64 1.1.0 4.92 56.70 61.62 NOTE
r-release-macos-arm64 1.1.0 27.00 NOTE
r-release-macos-x86_64 1.1.0 58.00 NOTE
r-release-windows-x86_64 1.1.0 14.00 91.00 105.00 NOTE
r-oldrel-macos-arm64 1.1.0 36.00 NOTE
r-oldrel-macos-x86_64 1.1.0 46.00 NOTE
r-oldrel-windows-ix86+x86_64 1.1.0 11.00 82.00 93.00 NOTE

Check Details

Version: 1.1.0
Check: LazyData
Result: NOTE
     'LazyData' is specified without a 'data' directory
Flavors: r-devel-linux-x86_64-debian-clang, r-devel-linux-x86_64-debian-gcc, r-devel-linux-x86_64-fedora-clang, r-devel-linux-x86_64-fedora-gcc, r-devel-windows-x86_64, r-patched-linux-x86_64, r-release-linux-x86_64, r-release-macos-arm64, r-release-macos-x86_64, r-release-windows-x86_64, r-oldrel-macos-arm64, r-oldrel-macos-x86_64, r-oldrel-windows-ix86+x86_64