CRAN Package Check Results for Package RSpectra

Last updated on 2022-05-22 15:53:30 CEST.

Flavor Version Tinstall Tcheck Ttotal Status Flags
r-devel-linux-x86_64-debian-clang 0.16-1 181.57 85.93 267.50 OK
r-devel-linux-x86_64-debian-gcc 0.16-1 174.38 69.11 243.49 OK
r-devel-linux-x86_64-fedora-clang 0.16-1 375.72 NOTE
r-devel-linux-x86_64-fedora-gcc 0.16-1 400.46 OK
r-devel-windows-x86_64 0.16-1 149.00 131.00 280.00 OK
r-patched-linux-x86_64 0.16-1 180.90 88.51 269.41 OK
r-release-linux-x86_64 0.16-1 181.77 88.23 270.00 OK
r-release-macos-arm64 0.16-1 90.00 NOTE
r-release-macos-x86_64 0.16-1 174.00 NOTE
r-release-windows-x86_64 0.16-1 167.00 135.00 302.00 OK
r-oldrel-macos-arm64 0.16-1 89.00 NOTE
r-oldrel-macos-x86_64 0.16-1 126.00 NOTE
r-oldrel-windows-ix86+x86_64 0.16-1 396.00 146.00 542.00 OK

Check Details

Version: 0.16-1
Check: installed package size
Result: NOTE
     installed size is 38.3Mb
     sub-directories of 1Mb or more:
     libs 37.7Mb
Flavors: r-devel-linux-x86_64-fedora-clang, r-release-macos-arm64, r-release-macos-x86_64, r-oldrel-macos-arm64, r-oldrel-macos-x86_64