CRAN Package Check Results for Package RSclient

Last updated on 2022-01-22 15:52:23 CET.

Flavor Version Tinstall Tcheck Ttotal Status Flags
r-devel-linux-x86_64-debian-clang 0.7-6 4.43 29.64 34.07 OK
r-devel-linux-x86_64-debian-gcc 0.7-6 3.37 23.00 26.37 OK
r-devel-linux-x86_64-fedora-clang 0.7-6 42.71 OK
r-devel-linux-x86_64-fedora-gcc 0.7-6 30.69 OK
r-devel-windows-x86_64-new-UL 0.7-6 28.00 69.00 97.00 OK
r-devel-windows-x86_64-new-TK 0.7-6 OK
r-patched-linux-x86_64 0.7-6 3.95 28.80 32.75 OK
r-release-linux-x86_64 0.7-6 3.36 28.12 31.48 OK
r-release-macos-arm64 0.7-6 OK
r-release-macos-x86_64 0.7-6 OK
r-release-windows-ix86+x86_64 0.7-6 17.00 67.00 84.00 NOTE
r-oldrel-macos-x86_64 0.7-6 OK
r-oldrel-windows-ix86+x86_64 0.7-6 14.00 47.00 61.00 NOTE

Additional issues

rchk

Check Details

Version: 0.7-6
Check: installed package size
Result: NOTE
     installed size is 5.6Mb
     sub-directories of 1Mb or more:
     libs 5.5Mb
Flavors: r-release-windows-ix86+x86_64, r-oldrel-windows-ix86+x86_64