CRAN Package Check Results for Package RSQLite

Last updated on 2024-02-21 15:50:57 CET.

Flavor Version Tinstall Tcheck Ttotal Status Flags
r-devel-linux-x86_64-debian-clang 2.3.5 OK
r-devel-linux-x86_64-debian-gcc 2.3.5 177.70 63.82 241.52 OK
r-devel-linux-x86_64-fedora-clang 2.3.5 353.59 OK
r-devel-linux-x86_64-fedora-gcc 2.3.5 457.92 OK
r-devel-windows-x86_64 2.3.5 179.00 114.00 293.00 OK
r-patched-linux-x86_64 2.3.5 220.42 82.73 303.15 OK
r-release-linux-x86_64 2.3.5 202.11 82.56 284.67 OK
r-release-macos-arm64 2.3.5 118.00 NOTE
r-release-macos-x86_64 2.3.5 169.00 NOTE
r-release-windows-x86_64 2.3.5 222.00 141.00 363.00 OK
r-oldrel-macos-arm64 2.3.5 97.00 NOTE
r-oldrel-windows-x86_64 2.3.5 207.00 127.00 334.00 OK

Check Details

Version: 2.3.5
Check: installed package size
Result: NOTE installed size is 12.4Mb sub-directories of 1Mb or more: libs 11.6Mb Flavors: r-release-macos-arm64, r-release-macos-x86_64, r-oldrel-macos-arm64