CRAN Package Check Results for Package RSKC

Last updated on 2022-01-21 16:51:06 CET.

Flavor Version Tinstall Tcheck Ttotal Status Flags
r-devel-linux-x86_64-debian-clang 2.4.2 4.84 49.96 54.80 OK
r-devel-linux-x86_64-debian-gcc 2.4.2 4.53 38.21 42.74 OK
r-devel-linux-x86_64-fedora-clang 2.4.2 67.99 NOTE
r-devel-linux-x86_64-fedora-gcc 2.4.2 57.19 NOTE
r-devel-windows-x86_64-new-UL 2.4.2 23.00 73.00 96.00 OK
r-devel-windows-x86_64-new-TK 2.4.2 OK
r-patched-linux-x86_64 2.4.2 4.80 47.86 52.66 OK
r-release-linux-x86_64 2.4.2 5.52 47.77 53.29 OK
r-release-macos-arm64 2.4.2 OK
r-release-macos-x86_64 2.4.2 OK
r-release-windows-ix86+x86_64 2.4.2 14.00 79.00 93.00 OK
r-oldrel-macos-x86_64 2.4.2 OK
r-oldrel-windows-ix86+x86_64 2.4.2 14.00 77.00 91.00 OK

Check Details

Version: 2.4.2
Check: compiled code
Result: NOTE
    File ‘RSKC/libs/RSKC.so’:
     Found no calls to: ‘R_registerRoutines’, ‘R_useDynamicSymbols’
    
    It is good practice to register native routines and to disable symbol
    search.
    
    See ‘Writing portable packages’ in the ‘Writing R Extensions’ manual.
Flavors: r-devel-linux-x86_64-fedora-clang, r-devel-linux-x86_64-fedora-gcc