CRAN Package Check Results for Package RSDK

Last updated on 2024-07-22 15:57:33 CEST.

Flavor Version Tinstall Tcheck Ttotal Status Flags
r-devel-linux-x86_64-debian-clang 1.0.1 2.85 31.50 34.35 OK
r-devel-linux-x86_64-debian-gcc 1.0.1 2.09 23.65 25.74 OK
r-devel-linux-x86_64-fedora-clang 1.0.1 43.91 NOTE
r-devel-linux-x86_64-fedora-gcc 1.0.1 43.86 NOTE
r-devel-windows-x86_64 1.0.1 6.00 47.00 53.00 OK
r-patched-linux-x86_64 1.0.1 2.56 30.98 33.54 OK
r-release-linux-x86_64 1.0.1 1.65 30.77 32.42 OK
r-release-macos-arm64 1.0.1 18.00 OK
r-release-macos-x86_64 1.0.1 26.00 OK
r-release-windows-x86_64 1.0.1 4.00 47.00 51.00 OK
r-oldrel-macos-arm64 1.0.1 20.00 OK
r-oldrel-macos-x86_64 1.0.1 27.00 OK
r-oldrel-windows-x86_64 1.0.1 4.00 48.00 52.00 OK

Check Details

Version: 1.0.1
Check: dependencies in R code
Result: NOTE Namespaces in Imports field not imported from: ‘keys’ ‘shinyWidgets’ ‘testthat’ All declared Imports should be used. Flavors: r-devel-linux-x86_64-fedora-clang, r-devel-linux-x86_64-fedora-gcc