CRAN Package Check Results for Package RSDK

Last updated on 2023-12-09 15:52:35 CET.

Flavor Version Tinstall Tcheck Ttotal Status Flags
r-devel-linux-x86_64-debian-clang 1.0.1 2.21 31.17 33.38 OK
r-devel-linux-x86_64-debian-gcc 1.0.1 2.09 23.62 25.71 OK
r-devel-linux-x86_64-fedora-clang 1.0.1 42.19 NOTE
r-devel-linux-x86_64-fedora-gcc 1.0.1 41.08 NOTE
r-devel-windows-x86_64 1.0.1 4.00 46.00 50.00 OK
r-patched-linux-x86_64 1.0.1 2.40 30.51 32.91 OK
r-release-linux-x86_64 1.0.1 2.14 30.44 32.58 OK
r-release-macos-arm64 1.0.1 20.00 OK
r-release-macos-x86_64 1.0.1 27.00 OK
r-release-windows-x86_64 1.0.1 4.00 50.00 54.00 OK
r-oldrel-macos-arm64 1.0.1 20.00 NOTE
r-oldrel-macos-x86_64 1.0.1 28.00 NOTE
r-oldrel-windows-x86_64 1.0.1 5.00 50.00 55.00 OK

Check Details

Version: 1.0.1
Check: dependencies in R code
Result: NOTE Namespaces in Imports field not imported from: ‘keys’ ‘shinyWidgets’ ‘testthat’ All declared Imports should be used. Flavors: r-devel-linux-x86_64-fedora-clang, r-devel-linux-x86_64-fedora-gcc, r-oldrel-macos-arm64, r-oldrel-macos-x86_64