CRAN Package Check Results for Package RRreg

Last updated on 2025-01-26 04:49:32 CET.

Flavor Version Tinstall Tcheck Ttotal Status Flags
r-devel-linux-x86_64-debian-clang 0.7.5 12.60 94.41 107.01 NOTE
r-devel-linux-x86_64-debian-gcc 0.7.5 8.28 66.61 74.89 NOTE
r-devel-linux-x86_64-fedora-clang 0.7.5 171.69 OK
r-devel-linux-x86_64-fedora-gcc 0.7.5 175.35 OK
r-devel-windows-x86_64 0.7.5 12.00 104.00 116.00 NOTE
r-patched-linux-x86_64 0.7.5 13.70 87.58 101.28 OK
r-release-linux-x86_64 0.7.5 11.84 89.34 101.18 OK
r-release-macos-arm64 0.7.5 53.00 OK
r-release-macos-x86_64 0.7.5 78.00 OK
r-release-windows-x86_64 0.7.5 12.00 109.00 121.00 OK
r-oldrel-macos-arm64 0.7.5 57.00 OK
r-oldrel-macos-x86_64 0.7.5 89.00 OK
r-oldrel-windows-x86_64 0.7.5 15.00 121.00 136.00 OK

Check Details

Version: 0.7.5
Check: Rd cross-references
Result: NOTE Found the following Rd file(s) with Rd \link{} targets missing package anchors: RRmixed.Rd: lme4, glmer Please provide package anchors for all Rd \link{} targets not in the package itself and the base packages. Flavors: r-devel-linux-x86_64-debian-clang, r-devel-linux-x86_64-debian-gcc, r-devel-windows-x86_64