CRAN Package Check Results for Package RPPASPACE

Last updated on 2022-05-27 04:56:48 CEST.

Flavor Version Tinstall Tcheck Ttotal Status Flags
r-devel-linux-x86_64-debian-clang 1.0.8 14.68 140.73 155.41 OK
r-devel-linux-x86_64-debian-gcc 1.0.8 15.13 105.69 120.82 OK
r-devel-linux-x86_64-fedora-clang 1.0.8 186.08 NOTE
r-devel-linux-x86_64-fedora-gcc 1.0.8 186.31 NOTE
r-devel-windows-x86_64 1.0.8 74.00 156.00 230.00 OK
r-patched-linux-x86_64 1.0.8 21.92 134.18 156.10 OK
r-release-linux-x86_64 1.0.8 17.35 132.79 150.14 OK
r-release-macos-arm64 1.0.8 67.00 NOTE
r-release-macos-x86_64 1.0.8 72.00 NOTE
r-release-windows-x86_64 1.0.8 101.00 154.00 255.00 OK
r-oldrel-macos-arm64 1.0.8 70.00 NOTE
r-oldrel-macos-x86_64 1.0.8 65.00 NOTE
r-oldrel-windows-ix86+x86_64 1.0.8 38.00 174.00 212.00 OK

Check Details

Version: 1.0.8
Check: dependencies in R code
Result: NOTE
    Namespaces in Imports field not imported from:
     ‘SparseM’ ‘nlme’ ‘timeDate’
     All declared Imports should be used.
Flavors: r-devel-linux-x86_64-fedora-clang, r-devel-linux-x86_64-fedora-gcc, r-release-macos-arm64, r-release-macos-x86_64, r-oldrel-macos-arm64, r-oldrel-macos-x86_64