Last updated on 2022-05-27 15:51:49 CEST.
Flavor | Version | Tinstall | Tcheck | Ttotal | Status | Flags |
---|---|---|---|---|---|---|
r-devel-linux-x86_64-debian-clang | 0.2.8 | 1.45 | 35.42 | 36.87 | NOTE | |
r-devel-linux-x86_64-debian-gcc | 0.2.8 | 1.69 | 27.79 | 29.48 | NOTE | |
r-devel-linux-x86_64-fedora-clang | 0.2.8 | 45.51 | NOTE | |||
r-devel-linux-x86_64-fedora-gcc | 0.2.8 | 44.29 | NOTE | |||
r-devel-windows-x86_64 | 0.2.8 | 14.00 | 54.00 | 68.00 | NOTE | |
r-patched-linux-x86_64 | 0.2.8 | 2.24 | 33.80 | 36.04 | NOTE | |
r-release-linux-x86_64 | 0.2.8 | 2.20 | 33.87 | 36.07 | NOTE | |
r-release-macos-arm64 | 0.2.8 | 18.00 | NOTE | |||
r-release-macos-x86_64 | 0.2.8 | 23.00 | NOTE | |||
r-release-windows-x86_64 | 0.2.8 | 9.00 | 51.00 | 60.00 | NOTE | |
r-oldrel-macos-arm64 | 0.2.8 | 24.00 | NOTE | |||
r-oldrel-macos-x86_64 | 0.2.8 | 27.00 | NOTE | |||
r-oldrel-windows-ix86+x86_64 | 0.2.8 | 4.00 | 46.00 | 50.00 | NOTE |
Version: 0.2.8
Check: LazyData
Result: NOTE
'LazyData' is specified without a 'data' directory
Flavors: r-devel-linux-x86_64-debian-clang, r-devel-linux-x86_64-debian-gcc, r-devel-linux-x86_64-fedora-clang, r-devel-linux-x86_64-fedora-gcc, r-devel-windows-x86_64, r-patched-linux-x86_64, r-release-linux-x86_64, r-release-macos-arm64, r-release-macos-x86_64, r-release-windows-x86_64, r-oldrel-macos-arm64, r-oldrel-macos-x86_64, r-oldrel-windows-ix86+x86_64