CRAN Package Check Results for Package ROCFTP.MMS

Last updated on 2022-10-03 15:54:09 CEST.

Flavor Version Tinstall Tcheck Ttotal Status Flags
r-devel-linux-x86_64-debian-clang 1.0.0 3.23 33.79 37.02 NOTE
r-devel-linux-x86_64-debian-gcc 1.0.0 2.51 25.78 28.29 NOTE
r-devel-linux-x86_64-fedora-clang 1.0.0 60.43 NOTE
r-devel-linux-x86_64-fedora-gcc 1.0.0 55.86 NOTE
r-devel-windows-x86_64 1.0.0 11.00 57.00 68.00 NOTE
r-patched-linux-x86_64 1.0.0 3.37 32.17 35.54 OK
r-release-linux-x86_64 1.0.0 3.10 31.22 34.32 OK
r-release-macos-arm64 1.0.0 19.00 OK
r-release-macos-x86_64 1.0.0 24.00 OK
r-release-windows-x86_64 1.0.0 14.00 58.00 72.00 OK
r-oldrel-macos-arm64 1.0.0 15.00 OK
r-oldrel-macos-x86_64 1.0.0 24.00 OK
r-oldrel-windows-ix86+x86_64 1.0.0 7.00 63.00 70.00 OK

Check Details

Version: 1.0.0
Check: package subdirectories
Result: NOTE
    Problems with news in 'NEWS.md':
    No news entries found.
Flavors: r-devel-linux-x86_64-debian-clang, r-devel-linux-x86_64-debian-gcc, r-devel-linux-x86_64-fedora-clang, r-devel-linux-x86_64-fedora-gcc, r-devel-windows-x86_64