Last updated on 2022-06-28 03:51:41 CEST.
Flavor | Version | Tinstall | Tcheck | Ttotal | Status | Flags |
---|---|---|---|---|---|---|
r-devel-linux-x86_64-debian-clang | 1.0.0 | 51.37 | 36.23 | 87.60 | NOTE | |
r-devel-linux-x86_64-debian-gcc | 1.0.0 | 36.16 | 27.80 | 63.96 | NOTE | |
r-devel-linux-x86_64-fedora-clang | 1.0.0 | 132.34 | NOTE | |||
r-devel-linux-x86_64-fedora-gcc | 1.0.0 | 126.70 | NOTE | |||
r-devel-windows-x86_64 | 1.0.0 | 54.00 | 86.00 | 140.00 | NOTE | |
r-patched-linux-x86_64 | 1.0.0 | 38.82 | 34.53 | 73.35 | NOTE | |
r-release-linux-x86_64 | 1.0.0 | 43.95 | 34.68 | 78.63 | NOTE | |
r-release-macos-arm64 | 1.0.0 | 32.00 | NOTE | |||
r-release-macos-x86_64 | 1.0.0 | 45.00 | NOTE | |||
r-release-windows-x86_64 | 1.0.0 | 52.00 | 83.00 | 135.00 | NOTE | |
r-oldrel-macos-arm64 | 1.0.0 | 39.00 | NOTE | |||
r-oldrel-macos-x86_64 | 1.0.0 | 63.00 | NOTE | |||
r-oldrel-windows-ix86+x86_64 | 1.0.0 | 124.00 | 86.00 | 210.00 | NOTE |
Version: 1.0.0
Check: LazyData
Result: NOTE
'LazyData' is specified without a 'data' directory
Flavors: r-devel-linux-x86_64-debian-clang, r-devel-linux-x86_64-debian-gcc, r-devel-linux-x86_64-fedora-clang, r-devel-linux-x86_64-fedora-gcc, r-devel-windows-x86_64, r-patched-linux-x86_64, r-release-linux-x86_64, r-release-macos-arm64, r-release-macos-x86_64, r-release-windows-x86_64, r-oldrel-macos-arm64, r-oldrel-macos-x86_64, r-oldrel-windows-ix86+x86_64