Last updated on 2023-12-10 15:50:41 CET.
Flavor | Version | Tinstall | Tcheck | Ttotal | Status | Flags |
---|---|---|---|---|---|---|
r-devel-linux-x86_64-debian-clang | 1.1.0 | 8.06 | 91.65 | 99.71 | NOTE | |
r-devel-linux-x86_64-debian-gcc | 1.1.0 | 6.20 | 68.39 | 74.59 | NOTE | |
r-devel-linux-x86_64-fedora-clang | 1.1.0 | 122.63 | NOTE | |||
r-devel-linux-x86_64-fedora-gcc | 1.1.0 | 133.81 | NOTE | |||
r-devel-windows-x86_64 | 1.1.0 | 8.00 | 86.00 | 94.00 | NOTE | |
r-patched-linux-x86_64 | 1.1.0 | 8.61 | 104.86 | 113.47 | NOTE | |
r-release-linux-x86_64 | 1.1.0 | 8.42 | 104.20 | 112.62 | NOTE | |
r-release-macos-arm64 | 1.1.0 | 50.00 | NOTE | |||
r-release-macos-x86_64 | 1.1.0 | 77.00 | NOTE | |||
r-release-windows-x86_64 | 1.1.0 | 9.00 | 104.00 | 113.00 | NOTE | |
r-oldrel-macos-arm64 | 1.1.0 | 47.00 | NOTE | |||
r-oldrel-macos-x86_64 | 1.1.0 | 59.00 | NOTE | |||
r-oldrel-windows-x86_64 | 1.1.0 | 10.00 | 107.00 | 117.00 | NOTE |
Version: 1.1.0
Check: LazyData
Result: NOTE
'LazyData' is specified without a 'data' directory
Flavors: r-devel-linux-x86_64-debian-clang, r-devel-linux-x86_64-debian-gcc, r-devel-linux-x86_64-fedora-clang, r-devel-linux-x86_64-fedora-gcc, r-devel-windows-x86_64, r-patched-linux-x86_64, r-release-linux-x86_64, r-release-macos-arm64, r-release-macos-x86_64, r-release-windows-x86_64, r-oldrel-macos-arm64, r-oldrel-macos-x86_64, r-oldrel-windows-x86_64