Last updated on 2022-06-26 03:50:11 CEST.
Flavor | Version | Tinstall | Tcheck | Ttotal | Status | Flags |
---|---|---|---|---|---|---|
r-devel-linux-x86_64-debian-clang | 1.0.10 | 21.03 | 117.73 | 138.76 | OK | |
r-devel-linux-x86_64-debian-gcc | 1.0.10 | 13.88 | 85.74 | 99.62 | OK | |
r-devel-linux-x86_64-fedora-clang | 1.0.10 | 173.71 | NOTE | |||
r-devel-linux-x86_64-fedora-gcc | 1.0.10 | 185.66 | OK | |||
r-devel-windows-x86_64 | 1.0.10 | 24.00 | 121.00 | 145.00 | OK | |
r-patched-linux-x86_64 | 1.0.10 | 28.60 | 128.98 | 157.58 | OK | |
r-release-linux-x86_64 | 1.0.10 | 18.91 | 127.76 | 146.67 | OK | |
r-release-macos-arm64 | 1.0.10 | 85.00 | OK | |||
r-release-macos-x86_64 | 1.0.10 | 150.00 | OK | |||
r-release-windows-x86_64 | 1.0.10 | 28.00 | 122.00 | 150.00 | OK | |
r-oldrel-macos-arm64 | 1.0.10 | 73.00 | OK | |||
r-oldrel-macos-x86_64 | 1.0.10 | 91.00 | OK | |||
r-oldrel-windows-ix86+x86_64 | 1.0.10 | 35.00 | 125.00 | 160.00 | OK |
Version: 1.0.10
Check: Rd cross-references
Result: NOTE
Undeclared packages ‘fossil’, ‘raster’ in Rd xrefs
Flavor: r-devel-linux-x86_64-fedora-clang