CRAN Package Check Results for Package RMariaDB

Last updated on 2024-02-23 04:02:11 CET.

Flavor Version Tinstall Tcheck Ttotal Status Flags
r-devel-linux-x86_64-debian-clang 1.3.1 OK
r-devel-linux-x86_64-debian-gcc 1.3.1 40.10 41.30 81.40 OK
r-devel-linux-x86_64-fedora-clang 1.3.1 163.54 OK
r-devel-linux-x86_64-fedora-gcc 1.3.1 142.59 OK
r-devel-windows-x86_64 1.3.1 85.00 174.00 259.00 OK
r-patched-linux-x86_64 1.3.1 53.70 53.91 107.61 OK
r-release-linux-x86_64 1.3.1 48.64 53.55 102.19 OK
r-release-macos-arm64 1.3.1 50.00 NOTE
r-release-macos-x86_64 1.3.1 75.00 NOTE
r-release-windows-x86_64 1.3.1 108.00 183.00 291.00 OK
r-oldrel-macos-arm64 1.3.1 46.00 NOTE
r-oldrel-windows-x86_64 1.3.1 92.00 180.00 272.00 OK

Check Details

Version: 1.3.1
Check: installed package size
Result: NOTE installed size is 5.2Mb sub-directories of 1Mb or more: libs 4.8Mb Flavors: r-release-macos-arm64, r-release-macos-x86_64, r-oldrel-macos-arm64