Last updated on 2023-11-28 15:49:48 CET.
Flavor | Version | Tinstall | Tcheck | Ttotal | Status | Flags |
---|---|---|---|---|---|---|
r-devel-linux-x86_64-debian-clang | 0.9.9 | 5.17 | 54.11 | 59.28 | NOTE | |
r-devel-linux-x86_64-debian-gcc | 0.9.9 | 3.73 | 39.11 | 42.84 | NOTE | |
r-devel-linux-x86_64-fedora-clang | 0.9.9 | 71.24 | NOTE | |||
r-devel-linux-x86_64-fedora-gcc | 0.9.9 | 79.40 | NOTE | |||
r-devel-windows-x86_64 | 0.9.9 | 5.00 | 61.00 | 66.00 | NOTE | |
r-patched-linux-x86_64 | 0.9.9 | 5.05 | 50.65 | 55.70 | NOTE | |
r-release-linux-x86_64 | 0.9.9 | 4.06 | 50.72 | 54.78 | NOTE | |
r-release-macos-arm64 | 0.9.9 | 33.00 | NOTE | |||
r-release-macos-x86_64 | 0.9.9 | 45.00 | NOTE | |||
r-release-windows-x86_64 | 0.9.9 | 6.00 | 67.00 | 73.00 | NOTE | |
r-oldrel-macos-arm64 | 0.9.9 | 27.00 | OK | |||
r-oldrel-macos-x86_64 | 0.9.9 | 34.00 | OK | |||
r-oldrel-windows-x86_64 | 0.9.9 | 6.00 | 66.00 | 72.00 | OK |
Version: 0.9.9
Check: package subdirectories
Result: NOTE
Problems with news in ‘NEWS.md’:
No news entries found.
Flavors: r-devel-linux-x86_64-debian-clang, r-devel-linux-x86_64-debian-gcc, r-devel-linux-x86_64-fedora-clang, r-devel-linux-x86_64-fedora-gcc, r-devel-windows-x86_64, r-patched-linux-x86_64, r-release-linux-x86_64, r-release-macos-arm64, r-release-macos-x86_64, r-release-windows-x86_64