Last updated on 2025-01-26 04:49:32 CET.
Flavor | Version | Tinstall | Tcheck | Ttotal | Status | Flags |
---|---|---|---|---|---|---|
r-devel-linux-x86_64-debian-clang | 3.2.4 | 75.92 | 44.59 | 120.51 | NOTE | |
r-devel-linux-x86_64-debian-gcc | 3.2.4 | 51.68 | 34.13 | 85.81 | NOTE | |
r-devel-linux-x86_64-fedora-clang | 3.2.4 | 236.66 | NOTE | |||
r-devel-linux-x86_64-fedora-gcc | 3.2.4 | 250.20 | NOTE | |||
r-devel-windows-x86_64 | 3.2.4 | 81.00 | 85.00 | 166.00 | NOTE | |
r-patched-linux-x86_64 | 3.2.4 | 74.44 | 42.57 | 117.01 | NOTE | |
r-release-linux-x86_64 | 3.2.4 | 75.63 | 42.74 | 118.37 | NOTE | |
r-release-macos-arm64 | 3.2.4 | 66.00 | NOTE | |||
r-release-macos-x86_64 | 3.2.4 | 85.00 | NOTE | |||
r-release-windows-x86_64 | 3.2.4 | 84.00 | 90.00 | 174.00 | NOTE | |
r-oldrel-macos-arm64 | 3.2.4 | 74.00 | NOTE | |||
r-oldrel-macos-x86_64 | 3.2.4 | 110.00 | NOTE | |||
r-oldrel-windows-x86_64 | 3.2.4 | 90.00 | 103.00 | 193.00 | NOTE |
Version: 3.2.4
Check: C++ specification
Result: NOTE
Specified C++11: please drop specification unless essential
Flavors: r-devel-linux-x86_64-debian-clang, r-devel-linux-x86_64-debian-gcc, r-devel-linux-x86_64-fedora-clang, r-devel-linux-x86_64-fedora-gcc, r-devel-windows-x86_64, r-patched-linux-x86_64, r-release-linux-x86_64, r-release-macos-arm64, r-release-macos-x86_64, r-release-windows-x86_64, r-oldrel-macos-arm64, r-oldrel-macos-x86_64, r-oldrel-windows-x86_64
Version: 3.2.4
Check: top-level files
Result: NOTE
possible bashism in configure.ac line 36 (should be 'b = a'):
if test x"${RSysinfoName}" == x"Darwin"; then
possible bashism in configure.ac line 47 (should be 'b = a'):
if test x"${hasOpenMP}" == x""; then
Flavors: r-devel-linux-x86_64-debian-clang, r-devel-linux-x86_64-debian-gcc, r-devel-linux-x86_64-fedora-clang, r-devel-linux-x86_64-fedora-gcc