CRAN Package Check Results for Package RJSONIO

Last updated on 2022-12-05 15:54:28 CET.

Flavor Version Tinstall Tcheck Ttotal Status Flags
r-devel-linux-x86_64-debian-clang 1.3-1.6 16.89 47.48 64.37 WARN
r-devel-linux-x86_64-debian-gcc 1.3-1.6 15.22 38.35 53.57 WARN
r-devel-linux-x86_64-fedora-clang 1.3-1.6 115.64 WARN
r-devel-linux-x86_64-fedora-gcc 1.3-1.6 92.96 WARN
r-devel-windows-x86_64 1.3-1.6 72.00 88.00 160.00 OK
r-patched-linux-x86_64 1.3-1.6 16.67 45.68 62.35 OK
r-release-linux-x86_64 1.3-1.6 15.89 45.40 61.29 OK
r-release-macos-arm64 1.3-1.6 36.00 OK
r-release-macos-x86_64 1.3-1.6 50.00 OK
r-release-windows-x86_64 1.3-1.6 42.00 83.00 125.00 OK
r-oldrel-macos-arm64 1.3-1.6 35.00 OK
r-oldrel-macos-x86_64 1.3-1.6 71.00 OK
r-oldrel-windows-ix86+x86_64 1.3-1.6 42.00 85.00 127.00 OK

Check Details

Version: 1.3-1.6
Check: whether package can be installed
Result: WARN
    Found the following significant warnings:
     rlibjson.c:364:18: warning: a function declaration without a prototype is deprecated in all versions of C [-Wstrict-prototypes]
Flavors: r-devel-linux-x86_64-debian-clang, r-devel-linux-x86_64-fedora-clang

Version: 1.3-1.6
Check: whether package can be installed
Result: WARN
    Found the following significant warnings:
     rlibjson.c:364:1: warning: function declaration isn’t a prototype [-Wstrict-prototypes]
Flavors: r-devel-linux-x86_64-debian-gcc, r-devel-linux-x86_64-fedora-gcc

Version: 1.3-1.6
Check: compiled code
Result: WARN
    File ‘RJSONIO/libs/RJSONIO.so’:
     Found ‘__sprintf_chk’, possibly from ‘sprintf’ (C)
     Object: ‘rlibjson.o’
    
    Compiled code should not call entry points which might terminate R nor
    write to stdout/stderr instead of to the console, nor use Fortran I/O
    nor system RNGs nor [v]sprintf.
    
    See ‘Writing portable packages’ in the ‘Writing R Extensions’ manual.
Flavors: r-devel-linux-x86_64-debian-gcc, r-devel-linux-x86_64-fedora-gcc

Version: 1.3-1.6
Check: compiled code
Result: WARN
    File ‘RJSONIO/libs/RJSONIO.so’:
     Found ‘sprintf’, possibly from ‘sprintf’ (C)
     Object: ‘rlibjson.o’
    
    Compiled code should not call entry points which might terminate R nor
    write to stdout/stderr instead of to the console, nor use Fortran I/O
    nor system RNGs nor [v]sprintf.
    
    See ‘Writing portable packages’ in the ‘Writing R Extensions’ manual.
Flavor: r-devel-linux-x86_64-fedora-clang