Last updated on 2022-06-26 15:53:09 CEST.
Flavor | Version | Tinstall | Tcheck | Ttotal | Status | Flags |
---|---|---|---|---|---|---|
r-devel-linux-x86_64-debian-clang | 4.2.6 | 19.15 | 149.81 | 168.96 | OK | |
r-devel-linux-x86_64-debian-gcc | 4.2.6 | 14.44 | 110.66 | 125.10 | OK | |
r-devel-linux-x86_64-fedora-clang | 4.2.6 | 206.29 | NOTE | |||
r-devel-linux-x86_64-fedora-gcc | 4.2.6 | 204.44 | OK | |||
r-devel-windows-x86_64 | 4.2.6 | 55.00 | 175.00 | 230.00 | OK | |
r-patched-linux-x86_64 | 4.2.6 | 18.57 | 139.92 | 158.49 | OK | |
r-release-linux-x86_64 | 4.2.6 | 14.00 | 139.95 | 153.95 | OK | |
r-release-macos-arm64 | 4.2.6 | 53.00 | OK | |||
r-release-macos-x86_64 | 4.2.6 | 94.00 | OK | |||
r-release-windows-x86_64 | 4.2.6 | 63.00 | 169.00 | 232.00 | OK | |
r-oldrel-macos-arm64 | 4.2.6 | 55.00 | OK | |||
r-oldrel-macos-x86_64 | 4.2.6 | 82.00 | OK | |||
r-oldrel-windows-ix86+x86_64 | 4.2.6 | 44.00 | 208.00 | 252.00 | OK |
Version: 4.2.6
Check: Rd cross-references
Result: NOTE
Undeclared packages ‘tseries’, ‘TSA’ in Rd xrefs
Flavor: r-devel-linux-x86_64-fedora-clang