Last updated on 2022-06-29 15:50:02 CEST.
Flavor | Version | Tinstall | Tcheck | Ttotal | Status | Flags |
---|---|---|---|---|---|---|
r-devel-linux-x86_64-debian-clang | 0.1.1 | 3.58 | 34.84 | 38.42 | NOTE | |
r-devel-linux-x86_64-debian-gcc | 0.1.1 | 3.05 | 27.31 | 30.36 | NOTE | |
r-devel-linux-x86_64-fedora-clang | 0.1.1 | 57.19 | NOTE | |||
r-devel-linux-x86_64-fedora-gcc | 0.1.1 | 59.44 | NOTE | |||
r-devel-windows-x86_64 | 0.1.1 | 84.00 | 65.00 | 149.00 | NOTE | |
r-patched-linux-x86_64 | 0.1.1 | 3.75 | 34.31 | 38.06 | NOTE | |
r-release-linux-x86_64 | 0.1.1 | 3.26 | 34.58 | 37.84 | NOTE | |
r-release-macos-arm64 | 0.1.1 | 23.00 | NOTE | |||
r-release-macos-x86_64 | 0.1.1 | 28.00 | NOTE | |||
r-release-windows-x86_64 | 0.1.1 | 104.00 | 66.00 | 170.00 | NOTE | |
r-oldrel-macos-arm64 | 0.1.1 | 26.00 | NOTE | |||
r-oldrel-macos-x86_64 | 0.1.1 | 33.00 | NOTE | |||
r-oldrel-windows-ix86+x86_64 | 0.1.1 | 7.00 | 54.00 | 61.00 | NOTE |
Version: 0.1.1
Check: LazyData
Result: NOTE
'LazyData' is specified without a 'data' directory
Flavors: r-devel-linux-x86_64-debian-clang, r-devel-linux-x86_64-debian-gcc, r-devel-linux-x86_64-fedora-clang, r-devel-linux-x86_64-fedora-gcc, r-devel-windows-x86_64, r-patched-linux-x86_64, r-release-linux-x86_64, r-release-macos-arm64, r-release-macos-x86_64, r-release-windows-x86_64, r-oldrel-macos-arm64, r-oldrel-macos-x86_64, r-oldrel-windows-ix86+x86_64