CRAN Package Check Results for Package RADstackshelpR

Last updated on 2024-05-25 15:49:51 CEST.

Flavor Version Tinstall Tcheck Ttotal Status Flags
r-devel-linux-x86_64-debian-clang 0.1.0 2.52 45.97 48.49 OK
r-devel-linux-x86_64-debian-gcc 0.1.0 1.89 34.49 36.38 OK
r-devel-linux-x86_64-fedora-clang 0.1.0 62.21 NOTE
r-devel-linux-x86_64-fedora-gcc 0.1.0 69.58 NOTE
r-devel-windows-x86_64 0.1.0 4.00 54.00 58.00 OK
r-patched-linux-x86_64 0.1.0 2.54 44.05 46.59 OK
r-release-linux-x86_64 0.1.0 1.73 43.58 45.31 OK
r-release-macos-arm64 0.1.0 28.00 OK
r-release-windows-x86_64 0.1.0 4.00 54.00 58.00 OK
r-oldrel-macos-arm64 0.1.0 32.00 OK
r-oldrel-macos-x86_64 0.1.0 35.00 OK
r-oldrel-windows-x86_64 0.1.0 5.00 60.00 65.00 OK

Check Details

Version: 0.1.0
Check: dependencies in R code
Result: NOTE Namespace in Imports field not imported from: ‘gridExtra’ All declared Imports should be used. Flavors: r-devel-linux-x86_64-fedora-clang, r-devel-linux-x86_64-fedora-gcc