Last updated on 2022-05-16 03:53:40 CEST.
Flavor | Version | Tinstall | Tcheck | Ttotal | Status | Flags |
---|---|---|---|---|---|---|
r-devel-linux-x86_64-debian-clang | 0.2.2 | 3.77 | 41.22 | 44.99 | OK | |
r-devel-linux-x86_64-debian-gcc | 0.2.2 | 3.31 | 31.79 | 35.10 | OK | |
r-devel-linux-x86_64-fedora-clang | 0.2.2 | 57.16 | NOTE | |||
r-devel-linux-x86_64-fedora-gcc | 0.2.2 | 53.55 | NOTE | |||
r-devel-windows-x86_64 | 0.2.2 | 11.00 | 56.00 | 67.00 | OK | |
r-patched-linux-x86_64 | 0.2.2 | 3.93 | 39.41 | 43.34 | OK | |
r-release-linux-x86_64 | 0.2.2 | 3.24 | 39.12 | 42.36 | OK | |
r-release-macos-arm64 | 0.2.2 | 20.00 | NOTE | |||
r-release-macos-x86_64 | 0.2.2 | 29.00 | NOTE | |||
r-release-windows-x86_64 | 0.2.2 | 11.00 | 57.00 | 68.00 | OK | |
r-oldrel-macos-arm64 | 0.2.2 | 26.00 | NOTE | |||
r-oldrel-macos-x86_64 | 0.2.2 | 26.00 | NOTE | |||
r-oldrel-windows-ix86+x86_64 | 0.2.2 | 9.00 | 57.00 | 66.00 | OK |
Version: 0.2.2
Check: dependencies in R code
Result: NOTE
Namespaces in Imports field not imported from:
‘R6’ ‘collections’ ‘dplyr’
All declared Imports should be used.
Flavors: r-devel-linux-x86_64-fedora-clang, r-devel-linux-x86_64-fedora-gcc, r-release-macos-arm64, r-release-macos-x86_64, r-oldrel-macos-arm64, r-oldrel-macos-x86_64