Last updated on 2022-06-28 03:51:40 CEST.
Flavor | Version | Tinstall | Tcheck | Ttotal | Status | Flags |
---|---|---|---|---|---|---|
r-devel-linux-x86_64-debian-clang | 1.0.4 | 11.07 | 71.75 | 82.82 | NOTE | |
r-devel-linux-x86_64-debian-gcc | 1.0.4 | 7.09 | 53.53 | 60.62 | NOTE | |
r-devel-linux-x86_64-fedora-clang | 1.0.4 | 106.40 | NOTE | |||
r-devel-linux-x86_64-fedora-gcc | 1.0.4 | 114.28 | NOTE | |||
r-devel-windows-x86_64 | 1.0.4 | 20.00 | 91.00 | 111.00 | NOTE | |
r-patched-linux-x86_64 | 1.0.4 | 11.42 | 67.24 | 78.66 | NOTE | |
r-release-linux-x86_64 | 1.0.4 | 10.01 | 67.53 | 77.54 | NOTE | |
r-release-macos-arm64 | 1.0.4 | 26.00 | NOTE | |||
r-release-macos-x86_64 | 1.0.4 | 57.00 | NOTE | |||
r-release-windows-x86_64 | 1.0.4 | 22.00 | 94.00 | 116.00 | NOTE | |
r-oldrel-macos-arm64 | 1.0.4 | 148.00 | NOTE | |||
r-oldrel-macos-x86_64 | 1.0.4 | 41.00 | NOTE | |||
r-oldrel-windows-ix86+x86_64 | 1.0.4 | 23.00 | 93.00 | 116.00 | NOTE |
Version: 1.0.4
Check: package dependencies
Result: NOTE
Package suggested but not available for checking: 'ReGenesees'
Flavors: r-devel-linux-x86_64-debian-clang, r-devel-linux-x86_64-debian-gcc, r-devel-linux-x86_64-fedora-clang, r-devel-linux-x86_64-fedora-gcc, r-devel-windows-x86_64, r-patched-linux-x86_64, r-release-linux-x86_64, r-release-macos-arm64, r-release-macos-x86_64, r-release-windows-x86_64, r-oldrel-macos-arm64, r-oldrel-macos-x86_64, r-oldrel-windows-ix86+x86_64