Last updated on 2022-07-01 03:53:58 CEST.
Flavor | Version | Tinstall | Tcheck | Ttotal | Status | Flags |
---|---|---|---|---|---|---|
r-devel-linux-x86_64-debian-clang | 0.15.0 | 3.92 | 41.58 | 45.50 | NOTE | |
r-devel-linux-x86_64-debian-gcc | 0.15.0 | 2.60 | 32.52 | 35.12 | NOTE | |
r-devel-linux-x86_64-fedora-clang | 0.15.0 | 69.43 | OK | |||
r-devel-linux-x86_64-fedora-gcc | 0.15.0 | 67.68 | OK | |||
r-devel-windows-x86_64 | 0.15.0 | 25.00 | 175.00 | 200.00 | OK | |
r-patched-linux-x86_64 | 0.15.0 | 3.55 | 39.95 | 43.50 | OK | |
r-release-linux-x86_64 | 0.15.0 | 2.79 | 39.82 | 42.61 | OK | |
r-release-macos-arm64 | 0.15.0 | 37.00 | OK | |||
r-release-macos-x86_64 | 0.15.0 | 49.00 | OK | |||
r-release-windows-x86_64 | 0.15.0 | 20.00 | 260.00 | 280.00 | OK | |
r-oldrel-macos-arm64 | 0.15.0 | 45.00 | OK | |||
r-oldrel-macos-x86_64 | 0.15.0 | 59.00 | OK | |||
r-oldrel-windows-ix86+x86_64 | 0.15.0 | 8.00 | 86.00 | 94.00 | OK |
Version: 0.15.0
Check: HTML version of manual
Result: NOTE
Found the following problems:
R.cache-package.Rd:62:1: Warning: trimming empty <p>
Flavors: r-devel-linux-x86_64-debian-clang, r-devel-linux-x86_64-debian-gcc