Last updated on 2022-05-16 15:53:21 CEST.
Flavor | Version | Tinstall | Tcheck | Ttotal | Status | Flags |
---|---|---|---|---|---|---|
r-devel-linux-x86_64-debian-clang | 1.1.1 | 199.34 | 111.22 | 310.56 | OK | |
r-devel-linux-x86_64-debian-gcc | 1.1.1 | 180.03 | 82.52 | 262.55 | OK | |
r-devel-linux-x86_64-fedora-clang | 1.1.1 | 460.82 | NOTE | |||
r-devel-linux-x86_64-fedora-gcc | 1.1.1 | 446.33 | OK | |||
r-devel-windows-x86_64 | 1.1.1 | 157.00 | 176.00 | 333.00 | NOTE | |
r-patched-linux-x86_64 | 1.1.1 | 183.45 | 106.22 | 289.67 | OK | |
r-release-linux-x86_64 | 1.1.1 | 177.97 | 105.50 | 283.47 | OK | |
r-release-macos-arm64 | 1.1.1 | 108.00 | NOTE | |||
r-release-macos-x86_64 | 1.1.1 | 202.00 | NOTE | |||
r-release-windows-x86_64 | 1.1.1 | 157.00 | 175.00 | 332.00 | NOTE | |
r-oldrel-macos-arm64 | 1.1.1 | 122.00 | NOTE | |||
r-oldrel-macos-x86_64 | 1.1.1 | 135.00 | NOTE | |||
r-oldrel-windows-ix86+x86_64 | 1.1.1 | 200.00 | 143.00 | 343.00 | NOTE |
Version: 1.1.1
Check: installed package size
Result: NOTE
installed size is 50.2Mb
sub-directories of 1Mb or more:
libs 49.6Mb
Flavors: r-devel-linux-x86_64-fedora-clang, r-devel-windows-x86_64, r-release-macos-arm64, r-release-macos-x86_64, r-release-windows-x86_64, r-oldrel-macos-arm64, r-oldrel-macos-x86_64, r-oldrel-windows-ix86+x86_64