CRAN Package Check Results for Package PredictionR

Last updated on 2024-06-15 15:49:14 CEST.

Flavor Version Tinstall Tcheck Ttotal Status Flags
r-devel-linux-x86_64-debian-clang 1.0-12 6.96 65.34 72.30 NOTE
r-devel-linux-x86_64-debian-gcc 1.0-12 5.74 49.32 55.06 NOTE
r-devel-linux-x86_64-fedora-clang 1.0-12 92.71 NOTE
r-devel-linux-x86_64-fedora-gcc 1.0-12 85.82 NOTE
r-devel-windows-x86_64 1.0-12 7.00 67.00 74.00 NOTE
r-patched-linux-x86_64 1.0-12 7.92 62.85 70.77 NOTE
r-release-linux-x86_64 1.0-12 7.75 64.48 72.23 NOTE
r-release-macos-arm64 1.0-12 29.00 NOTE
r-release-macos-x86_64 1.0-12 44.00 NOTE
r-release-windows-x86_64 1.0-12 7.00 66.00 73.00 NOTE
r-oldrel-macos-arm64 1.0-12 35.00 NOTE
r-oldrel-macos-x86_64 1.0-12 52.00 NOTE
r-oldrel-windows-x86_64 1.0-12 8.00 77.00 85.00 NOTE

Check Details

Version: 1.0-12
Check: LazyData
Result: NOTE 'LazyData' is specified without a 'data' directory Flavors: r-devel-linux-x86_64-debian-clang, r-devel-linux-x86_64-debian-gcc, r-devel-linux-x86_64-fedora-clang, r-devel-linux-x86_64-fedora-gcc, r-devel-windows-x86_64, r-patched-linux-x86_64, r-release-linux-x86_64, r-release-macos-arm64, r-release-macos-x86_64, r-release-windows-x86_64, r-oldrel-macos-arm64, r-oldrel-macos-x86_64, r-oldrel-windows-x86_64