CRAN Package Check Results for Package PredictABEL

Last updated on 2024-05-25 15:49:50 CEST.

Flavor Version Tinstall Tcheck Ttotal Status Flags
r-devel-linux-x86_64-debian-clang 1.2-4 9.07 95.25 104.32 OK
r-devel-linux-x86_64-debian-gcc 1.2-4 8.76 68.81 77.57 OK
r-devel-linux-x86_64-fedora-clang 1.2-4 131.66 NOTE
r-devel-linux-x86_64-fedora-gcc 1.2-4 122.14 NOTE
r-devel-windows-x86_64 1.2-4 10.00 87.00 97.00 OK
r-patched-linux-x86_64 1.2-4 7.23 89.19 96.42 OK
r-release-linux-x86_64 1.2-4 6.56 90.08 96.64 OK
r-release-macos-arm64 1.2-4 51.00 OK
r-release-windows-x86_64 1.2-4 10.00 88.00 98.00 OK
r-oldrel-macos-arm64 1.2-4 44.00 OK
r-oldrel-macos-x86_64 1.2-4 68.00 OK
r-oldrel-windows-x86_64 1.2-4 12.00 96.00 108.00 OK

Check Details

Version: 1.2-4
Check: dependencies in R code
Result: NOTE Namespace in Imports field not imported from: ‘lazyeval’ All declared Imports should be used. Flavors: r-devel-linux-x86_64-fedora-clang, r-devel-linux-x86_64-fedora-gcc