Last updated on 2022-05-21 15:50:02 CEST.
Flavor | Version | Tinstall | Tcheck | Ttotal | Status | Flags |
---|---|---|---|---|---|---|
r-devel-linux-x86_64-debian-clang | 0.1.1 | 4.42 | 464.48 | 468.90 | OK | |
r-devel-linux-x86_64-debian-gcc | 0.1.1 | 4.18 | 356.86 | 361.04 | OK | |
r-devel-linux-x86_64-fedora-clang | 0.1.1 | 582.12 | NOTE | |||
r-devel-linux-x86_64-fedora-gcc | 0.1.1 | 566.87 | NOTE | |||
r-devel-windows-x86_64 | 0.1.1 | 31.00 | 68.00 | 99.00 | OK | |
r-patched-linux-x86_64 | 0.1.1 | 5.20 | 459.56 | 464.76 | OK | |
r-release-linux-x86_64 | 0.1.1 | 4.85 | 466.55 | 471.40 | OK | |
r-release-macos-arm64 | 0.1.1 | 227.00 | NOTE | |||
r-release-macos-x86_64 | 0.1.1 | 381.00 | NOTE | |||
r-release-windows-x86_64 | 0.1.1 | 24.00 | 65.00 | 89.00 | OK | |
r-oldrel-macos-arm64 | 0.1.1 | 270.00 | NOTE | |||
r-oldrel-macos-x86_64 | 0.1.1 | 320.00 | NOTE | |||
r-oldrel-windows-ix86+x86_64 | 0.1.1 | 12.00 | 54.00 | 66.00 | OK |
Version: 0.1.1
Check: dependencies in R code
Result: NOTE
Namespaces in Imports field not imported from:
‘Rcpp’ ‘StanHeaders’ ‘dplyr’ ‘ggplot2’ ‘gridExtra’ ‘rstan’ ‘tibble’
All declared Imports should be used.
Flavors: r-devel-linux-x86_64-fedora-clang, r-devel-linux-x86_64-fedora-gcc, r-release-macos-arm64, r-release-macos-x86_64, r-oldrel-macos-arm64, r-oldrel-macos-x86_64