CRAN Package Check Results for Package PortfolioOptim

Last updated on 2022-01-21 16:51:02 CET.

Flavor Version Tinstall Tcheck Ttotal Status Flags
r-devel-linux-x86_64-debian-clang 1.1.1 2.42 35.07 37.49 NOTE
r-devel-linux-x86_64-debian-gcc 1.1.1 2.14 27.60 29.74 NOTE
r-devel-linux-x86_64-fedora-clang 1.1.1 49.92 NOTE
r-devel-linux-x86_64-fedora-gcc 1.1.1 35.98 NOTE
r-devel-windows-x86_64-new-UL 1.1.1 36.00 56.00 92.00 NOTE
r-devel-windows-x86_64-new-TK 1.1.1 NOTE
r-patched-linux-x86_64 1.1.1 2.57 34.70 37.27 NOTE
r-release-linux-x86_64 1.1.1 2.14 34.00 36.14 NOTE
r-release-macos-arm64 1.1.1 NOTE
r-release-macos-x86_64 1.1.1 NOTE
r-release-windows-ix86+x86_64 1.1.1 6.00 44.00 50.00 NOTE
r-oldrel-macos-x86_64 1.1.1 OK
r-oldrel-windows-ix86+x86_64 1.1.1 6.00 43.00 49.00 OK

Check Details

Version: 1.1.1
Check: LazyData
Result: NOTE
     'LazyData' is specified without a 'data' directory
Flavors: r-devel-linux-x86_64-debian-clang, r-devel-linux-x86_64-debian-gcc, r-devel-linux-x86_64-fedora-clang, r-devel-linux-x86_64-fedora-gcc, r-devel-windows-x86_64-new-UL, r-devel-windows-x86_64-new-TK, r-patched-linux-x86_64, r-release-linux-x86_64, r-release-macos-arm64, r-release-macos-x86_64, r-release-windows-ix86+x86_64