Last updated on 2023-09-22 04:01:19 CEST.
Flavor | Version | Tinstall | Tcheck | Ttotal | Status | Flags |
---|---|---|---|---|---|---|
r-devel-linux-x86_64-debian-clang | 1.3 | 46.73 | 446.77 | 493.50 | NOTE | |
r-devel-linux-x86_64-debian-gcc | 1.3 | 40.80 | 322.05 | 362.85 | NOTE | |
r-devel-linux-x86_64-fedora-clang | 1.3 | 648.17 | OK | |||
r-devel-linux-x86_64-fedora-gcc | 1.3 | 669.91 | OK | |||
r-devel-windows-x86_64 | 1.3 | 34.00 | 279.00 | 313.00 | NOTE | |
r-patched-linux-x86_64 | 1.3 | 39.30 | 423.63 | 462.93 | NOTE | |
r-release-linux-x86_64 | 1.3 | 32.41 | 429.27 | 461.68 | NOTE | |
r-release-macos-arm64 | 1.3 | 144.00 | NOTE | |||
r-release-macos-x86_64 | 1.3 | 255.00 | NOTE | |||
r-release-windows-x86_64 | 1.3 | 50.00 | 374.00 | 424.00 | NOTE | |
r-oldrel-macos-arm64 | 1.3 | 133.00 | NOTE | |||
r-oldrel-macos-x86_64 | 1.3 | 199.00 | NOTE | |||
r-oldrel-windows-x86_64 | 1.3 | 51.00 | 357.00 | 408.00 | NOTE |
Version: 1.3
Check: package dependencies
Result: NOTE
Package suggested but not available for checking: ‘INLA’
Flavors: r-devel-linux-x86_64-debian-clang, r-devel-linux-x86_64-debian-gcc, r-devel-windows-x86_64, r-patched-linux-x86_64, r-release-linux-x86_64, r-release-macos-arm64, r-release-macos-x86_64, r-release-windows-x86_64, r-oldrel-macos-arm64, r-oldrel-macos-x86_64, r-oldrel-windows-x86_64
Version: 1.3
Check: Rd cross-references
Result: NOTE
Package unavailable to check Rd xrefs: ‘INLA’
Flavors: r-devel-linux-x86_64-debian-clang, r-devel-linux-x86_64-debian-gcc, r-devel-windows-x86_64, r-patched-linux-x86_64, r-release-linux-x86_64, r-release-macos-arm64, r-release-macos-x86_64, r-release-windows-x86_64, r-oldrel-macos-arm64, r-oldrel-macos-x86_64, r-oldrel-windows-x86_64