CRAN Package Check Results for Package PointedSDMs

Last updated on 2022-09-25 15:56:50 CEST.

Flavor Version Tinstall Tcheck Ttotal Status Flags
r-devel-linux-x86_64-debian-clang 1.1.1 44.19 427.10 471.29 NOTE
r-devel-linux-x86_64-debian-gcc 1.1.1 41.63 311.58 353.21 NOTE
r-devel-linux-x86_64-fedora-clang 1.1.1 559.58 OK
r-devel-linux-x86_64-fedora-gcc 1.1.1 558.84 OK
r-devel-windows-x86_64 1.1.1 69.00 408.00 477.00 NOTE
r-patched-linux-x86_64 1.1.1 44.20 404.85 449.05 NOTE
r-release-linux-x86_64 1.1.1 44.70 396.46 441.16 NOTE
r-release-macos-arm64 1.1.1 131.00 NOTE
r-release-macos-x86_64 1.1.1 184.00 NOTE
r-release-windows-x86_64 1.1.1 62.00 406.00 468.00 NOTE
r-oldrel-macos-arm64 1.1.1 129.00 NOTE
r-oldrel-macos-x86_64 1.1.1 174.00 NOTE
r-oldrel-windows-ix86+x86_64 1.1.1 90.00 400.00 490.00 OK

Check Details

Version: 1.1.1
Check: package dependencies
Result: NOTE
    Package suggested but not available for checking: 'INLA'
Flavors: r-devel-linux-x86_64-debian-clang, r-devel-linux-x86_64-debian-gcc, r-devel-windows-x86_64, r-patched-linux-x86_64, r-release-linux-x86_64, r-release-macos-arm64, r-release-macos-x86_64, r-release-windows-x86_64, r-oldrel-macos-arm64, r-oldrel-macos-x86_64

Version: 1.1.1
Check: Rd cross-references
Result: NOTE
    Package unavailable to check Rd xrefs: 'INLA'
Flavors: r-devel-linux-x86_64-debian-clang, r-devel-linux-x86_64-debian-gcc, r-devel-windows-x86_64, r-patched-linux-x86_64, r-release-linux-x86_64, r-release-macos-arm64, r-release-macos-x86_64, r-release-windows-x86_64, r-oldrel-macos-arm64, r-oldrel-macos-x86_64