Last updated on 2022-05-28 15:51:04 CEST.
Flavor | Version | Tinstall | Tcheck | Ttotal | Status | Flags |
---|---|---|---|---|---|---|
r-devel-linux-x86_64-debian-clang | 1.7 | 37.79 | 70.57 | 108.36 | OK | |
r-devel-linux-x86_64-debian-gcc | 1.7 | 33.63 | 53.57 | 87.20 | OK | |
r-devel-linux-x86_64-fedora-clang | 1.7 | 136.14 | NOTE | |||
r-devel-linux-x86_64-fedora-gcc | 1.7 | 134.33 | NOTE | |||
r-devel-windows-x86_64 | 1.7 | 52.00 | 84.00 | 136.00 | OK | |
r-patched-linux-x86_64 | 1.7 | 37.89 | 67.42 | 105.31 | OK | |
r-release-linux-x86_64 | 1.7 | 34.05 | 65.66 | 99.71 | OK | |
r-release-macos-arm64 | 1.7 | 47.00 | NOTE | |||
r-release-macos-x86_64 | 1.7 | 72.00 | NOTE | |||
r-release-windows-x86_64 | 1.7 | 71.00 | 88.00 | 159.00 | OK | |
r-oldrel-macos-arm64 | 1.7 | 58.00 | NOTE | |||
r-oldrel-macos-x86_64 | 1.7 | 76.00 | NOTE | |||
r-oldrel-windows-ix86+x86_64 | 1.7 | 59.00 | 84.00 | 143.00 | OK |
Version: 1.7
Check: data for non-ASCII characters
Result: NOTE
Note: found 7256 marked UTF-8 strings
Flavors: r-devel-linux-x86_64-fedora-clang, r-devel-linux-x86_64-fedora-gcc, r-release-macos-arm64, r-release-macos-x86_64, r-oldrel-macos-arm64, r-oldrel-macos-x86_64