CRAN Package Check Results for Package PlotContour

Last updated on 2022-05-28 03:54:52 CEST.

Flavor Version Tinstall Tcheck Ttotal Status Flags
r-devel-linux-x86_64-debian-clang 0.1.0 1.57 29.49 31.06 NOTE
r-devel-linux-x86_64-debian-gcc 0.1.0 1.30 23.59 24.89 NOTE
r-devel-linux-x86_64-fedora-clang 0.1.0 38.88 NOTE
r-devel-linux-x86_64-fedora-gcc 0.1.0 38.14 NOTE
r-devel-windows-x86_64 0.1.0 12.00 46.00 58.00 NOTE
r-patched-linux-x86_64 0.1.0 1.65 29.74 31.39 NOTE
r-release-linux-x86_64 0.1.0 1.96 28.76 30.72 NOTE
r-release-macos-arm64 0.1.0 14.00 NOTE
r-release-macos-x86_64 0.1.0 21.00 NOTE
r-release-windows-x86_64 0.1.0 14.00 45.00 59.00 NOTE
r-oldrel-macos-arm64 0.1.0 19.00 NOTE
r-oldrel-macos-x86_64 0.1.0 28.00 NOTE
r-oldrel-windows-ix86+x86_64 0.1.0 5.00 40.00 45.00 NOTE

Check Details

Version: 0.1.0
Check: LazyData
Result: NOTE
     'LazyData' is specified without a 'data' directory
Flavors: r-devel-linux-x86_64-debian-clang, r-devel-linux-x86_64-debian-gcc, r-devel-linux-x86_64-fedora-clang, r-devel-linux-x86_64-fedora-gcc, r-devel-windows-x86_64, r-patched-linux-x86_64, r-release-linux-x86_64, r-release-macos-arm64, r-release-macos-x86_64, r-release-windows-x86_64, r-oldrel-macos-arm64, r-oldrel-macos-x86_64, r-oldrel-windows-ix86+x86_64