CRAN Package Check Results for Package PlasmaMutationDetector2

Last updated on 2022-10-03 15:54:05 CEST.

Flavor Version Tinstall Tcheck Ttotal Status Flags
r-devel-linux-x86_64-debian-clang 1.1.11 63.02 518.57 581.59 OK
r-devel-linux-x86_64-debian-gcc 1.1.11 51.88 382.11 433.99 OK
r-devel-linux-x86_64-fedora-clang 1.1.11 713.90 NOTE
r-devel-linux-x86_64-fedora-gcc 1.1.11 733.53 NOTE
r-devel-windows-x86_64 1.1.11 141.00 469.00 610.00 OK
r-patched-linux-x86_64 1.1.11 58.46 485.57 544.03 OK
r-release-linux-x86_64 1.1.11 50.07 484.21 534.28 OK
r-release-macos-arm64 1.1.11 187.00 NOTE
r-release-macos-x86_64 1.1.11 237.00 NOTE
r-release-windows-x86_64 1.1.11 111.00 466.00 577.00 OK
r-oldrel-macos-arm64 1.1.11 171.00 NOTE
r-oldrel-macos-x86_64 1.1.11 247.00 NOTE
r-oldrel-windows-ix86+x86_64 1.1.11 118.00 467.00 585.00 OK

Check Details

Version: 1.1.11
Check: dependencies in R code
Result: NOTE
    Namespace in Imports field not imported from: ‘robustbase’
     All declared Imports should be used.
Flavors: r-devel-linux-x86_64-fedora-clang, r-devel-linux-x86_64-fedora-gcc, r-release-macos-arm64, r-release-macos-x86_64, r-oldrel-macos-arm64, r-oldrel-macos-x86_64