CRAN Package Check Results for Package PlackettLuce

Last updated on 2022-05-23 15:53:42 CEST.

Flavor Version Tinstall Tcheck Ttotal Status Flags
r-devel-linux-x86_64-debian-clang 0.4.1 22.77 440.59 463.36 OK
r-devel-linux-x86_64-debian-gcc 0.4.1 14.63 300.94 315.57 OK
r-devel-linux-x86_64-fedora-clang 0.4.1 536.90 OK
r-devel-linux-x86_64-fedora-gcc 0.4.1 554.40 OK
r-devel-windows-x86_64 0.4.1 83.00 428.00 511.00 OK
r-patched-linux-x86_64 0.4.1 25.29 405.99 431.28 OK
r-release-linux-x86_64 0.4.1 OK
r-release-macos-arm64 0.4.1 119.00 NOTE
r-release-macos-x86_64 0.4.1 163.00 OK
r-release-windows-x86_64 0.4.1 90.00 428.00 518.00 OK
r-oldrel-macos-arm64 0.4.1 170.00 NOTE
r-oldrel-macos-x86_64 0.4.1 170.00 OK
r-oldrel-windows-ix86+x86_64 0.4.1 41.00 484.00 525.00 OK

Check Details

Version: 0.4.1
Check: package dependencies
Result: NOTE
    Package suggested but not available for checking: ‘BiocStyle’
Flavors: r-release-macos-arm64, r-oldrel-macos-arm64