CRAN Package Check Results for Package PhyloMeasures

Last updated on 2022-05-26 15:53:18 CEST.

Flavor Version Tinstall Tcheck Ttotal Status Flags
r-devel-linux-x86_64-debian-clang 2.1 48.45 56.75 105.20 OK
r-devel-linux-x86_64-debian-gcc 2.1 54.28 50.03 104.31 OK
r-devel-linux-x86_64-fedora-clang 2.1 147.85 NOTE
r-devel-linux-x86_64-fedora-gcc 2.1 154.43 NOTE
r-devel-windows-x86_64 2.1 115.00 95.00 210.00 OK
r-patched-linux-x86_64 2.1 55.05 56.36 111.41 OK
r-release-linux-x86_64 2.1 OK
r-release-macos-arm64 2.1 39.00 NOTE
r-release-macos-x86_64 2.1 50.00 NOTE
r-release-windows-x86_64 2.1 125.00 94.00 219.00 OK
r-oldrel-macos-arm64 2.1 49.00 NOTE
r-oldrel-macos-x86_64 2.1 76.00 NOTE
r-oldrel-windows-ix86+x86_64 2.1 103.00 106.00 209.00 OK

Additional issues

gcc-UBSAN

Check Details

Version: 2.1
Check: installed package size
Result: NOTE
     installed size is 7.0Mb
     sub-directories of 1Mb or more:
     libs 6.7Mb
Flavors: r-devel-linux-x86_64-fedora-clang, r-release-macos-arm64, r-release-macos-x86_64, r-oldrel-macos-arm64, r-oldrel-macos-x86_64

Version: 2.1
Check: compiled code
Result: NOTE
    File ‘PhyloMeasures/libs/PhyloMeasures.so’:
     Found no calls to: ‘R_registerRoutines’, ‘R_useDynamicSymbols’
    
    It is good practice to register native routines and to disable symbol
    search.
    
    See ‘Writing portable packages’ in the ‘Writing R Extensions’ manual.
Flavors: r-devel-linux-x86_64-fedora-clang, r-devel-linux-x86_64-fedora-gcc