Last updated on 2022-05-28 03:54:51 CEST.
Flavor | Version | Tinstall | Tcheck | Ttotal | Status | Flags |
---|---|---|---|---|---|---|
r-devel-linux-x86_64-debian-clang | 1.0.8 | 9.42 | 93.31 | 102.73 | NOTE | |
r-devel-linux-x86_64-debian-gcc | 1.0.8 | 5.28 | 72.22 | 77.50 | NOTE | |
r-devel-linux-x86_64-fedora-clang | 1.0.8 | 122.17 | NOTE | |||
r-devel-linux-x86_64-fedora-gcc | 1.0.8 | 122.08 | NOTE | |||
r-devel-windows-x86_64 | 1.0.8 | 19.00 | 102.00 | 121.00 | NOTE | |
r-patched-linux-x86_64 | 1.0.8 | 13.78 | 91.86 | 105.64 | NOTE | |
r-release-linux-x86_64 | 1.0.8 | 10.27 | 92.04 | 102.31 | NOTE | |
r-release-macos-arm64 | 1.0.8 | 35.00 | NOTE | |||
r-release-macos-x86_64 | 1.0.8 | 50.00 | NOTE | |||
r-release-windows-x86_64 | 1.0.8 | 16.00 | 108.00 | 124.00 | NOTE | |
r-oldrel-macos-arm64 | 1.0.8 | 43.00 | NOTE | |||
r-oldrel-macos-x86_64 | 1.0.8 | 71.00 | NOTE | |||
r-oldrel-windows-ix86+x86_64 | 1.0.8 | 21.00 | 103.00 | 124.00 | NOTE |
Version: 1.0.8
Check: LazyData
Result: NOTE
'LazyData' is specified without a 'data' directory
Flavors: r-devel-linux-x86_64-debian-clang, r-devel-linux-x86_64-debian-gcc, r-devel-linux-x86_64-fedora-clang, r-devel-linux-x86_64-fedora-gcc, r-devel-windows-x86_64, r-patched-linux-x86_64, r-release-linux-x86_64, r-release-macos-arm64, r-release-macos-x86_64, r-release-windows-x86_64, r-oldrel-macos-arm64, r-oldrel-macos-x86_64, r-oldrel-windows-ix86+x86_64