CRAN Package Check Results for Package PerseusR

Last updated on 2022-06-26 03:50:08 CEST.

Flavor Version Tinstall Tcheck Ttotal Status Flags
r-devel-linux-x86_64-debian-clang 0.3.4 7.66 58.29 65.95 NOTE
r-devel-linux-x86_64-debian-gcc 0.3.4 5.31 45.38 50.69 NOTE
r-devel-linux-x86_64-fedora-clang 0.3.4 90.19 NOTE
r-devel-linux-x86_64-fedora-gcc 0.3.4 88.18 NOTE
r-devel-windows-x86_64 0.3.4 37.00 96.00 133.00 NOTE
r-patched-linux-x86_64 0.3.4 9.95 55.67 65.62 NOTE
r-release-linux-x86_64 0.3.4 7.46 56.62 64.08 NOTE
r-release-macos-arm64 0.3.4 28.00 NOTE
r-release-macos-x86_64 0.3.4 40.00 NOTE
r-release-windows-x86_64 0.3.4 42.00 91.00 133.00 NOTE
r-oldrel-macos-arm64 0.3.4 35.00 NOTE
r-oldrel-macos-x86_64 0.3.4 45.00 NOTE
r-oldrel-windows-ix86+x86_64 0.3.4 15.00 79.00 94.00 NOTE

Check Details

Version: 0.3.4
Check: LazyData
Result: NOTE
     'LazyData' is specified without a 'data' directory
Flavors: r-devel-linux-x86_64-debian-clang, r-devel-linux-x86_64-debian-gcc, r-devel-linux-x86_64-fedora-clang, r-devel-linux-x86_64-fedora-gcc, r-devel-windows-x86_64, r-patched-linux-x86_64, r-release-linux-x86_64, r-release-macos-arm64, r-release-macos-x86_64, r-release-windows-x86_64, r-oldrel-macos-arm64, r-oldrel-macos-x86_64, r-oldrel-windows-ix86+x86_64