CRAN Package Check Results for Package PenCoxFrail

Last updated on 2022-06-27 03:51:20 CEST.

Flavor Version Tinstall Tcheck Ttotal Status Flags
r-devel-linux-x86_64-debian-clang 1.0.1 37.71 74.40 112.11 OK
r-devel-linux-x86_64-debian-gcc 1.0.1 28.58 56.88 85.46 OK
r-devel-linux-x86_64-fedora-clang 1.0.1 155.05 NOTE
r-devel-linux-x86_64-fedora-gcc 1.0.1 148.22 NOTE
r-devel-windows-x86_64 1.0.1 42.00 119.00 161.00 OK
r-patched-linux-x86_64 1.0.1 37.10 72.06 109.16 OK
r-release-linux-x86_64 1.0.1 32.75 73.70 106.45 OK
r-release-macos-arm64 1.0.1 42.00 OK
r-release-macos-x86_64 1.0.1 55.00 OK
r-release-windows-x86_64 1.0.1 46.00 118.00 164.00 OK
r-oldrel-macos-arm64 1.0.1 44.00 OK
r-oldrel-macos-x86_64 1.0.1 70.00 OK
r-oldrel-windows-ix86+x86_64 1.0.1 90.00 128.00 218.00 OK

Check Details

Version: 1.0.1
Check: compiled code
Result: NOTE
    File ‘PenCoxFrail/libs/PenCoxFrail.so’:
     Found no calls to: ‘R_registerRoutines’, ‘R_useDynamicSymbols’
    
    It is good practice to register native routines and to disable symbol
    search.
    
    See ‘Writing portable packages’ in the ‘Writing R Extensions’ manual.
Flavors: r-devel-linux-x86_64-fedora-clang, r-devel-linux-x86_64-fedora-gcc