Last updated on 2023-12-07 15:48:26 CET.
Flavor | Version | Tinstall | Tcheck | Ttotal | Status | Flags |
---|---|---|---|---|---|---|
r-devel-linux-x86_64-debian-clang | 1.4 | 49.04 | 400.21 | 449.25 | OK | |
r-devel-linux-x86_64-debian-gcc | 1.4 | 35.44 | 296.66 | 332.10 | OK | |
r-devel-linux-x86_64-fedora-clang | 1.4 | 576.34 | OK | |||
r-devel-linux-x86_64-fedora-gcc | 1.4 | 586.10 | OK | |||
r-devel-windows-x86_64 | 1.4 | 35.00 | 278.00 | 313.00 | OK | |
r-patched-linux-x86_64 | 1.4 | 32.23 | 392.95 | 425.18 | OK | |
r-release-linux-x86_64 | 1.4 | 31.99 | 382.42 | 414.41 | OK | |
r-release-macos-arm64 | 1.4 | 166.00 | OK | |||
r-release-macos-x86_64 | 1.4 | 277.00 | OK | |||
r-release-windows-x86_64 | 1.4 | 44.00 | 357.00 | 401.00 | OK | |
r-oldrel-macos-arm64 | 1.4 | 9.00 | ERROR | |||
r-oldrel-macos-x86_64 | 1.4 | 486.00 | OK | |||
r-oldrel-windows-x86_64 | 1.4 | 47.00 | 346.00 | 393.00 | OK |
Version: 1.4
Check: package dependencies
Result: ERROR
Package required but not available: ‘Mfuzz’
See section ‘The DESCRIPTION file’ in the ‘Writing R Extensions’
manual.
Flavor: r-oldrel-macos-arm64