Last updated on 2022-05-27 04:56:44 CEST.
Flavor | Version | Tinstall | Tcheck | Ttotal | Status | Flags |
---|---|---|---|---|---|---|
r-devel-linux-x86_64-debian-clang | 1.3 | 14.43 | 187.93 | 202.36 | OK | |
r-devel-linux-x86_64-debian-gcc | 1.3 | 12.02 | 144.99 | 157.01 | OK | |
r-devel-linux-x86_64-fedora-clang | 1.3 | 262.34 | NOTE | |||
r-devel-linux-x86_64-fedora-gcc | 1.3 | 238.83 | NOTE | |||
r-devel-windows-x86_64 | 1.3 | 58.00 | 228.00 | 286.00 | OK | |
r-patched-linux-x86_64 | 1.3 | 12.06 | 185.65 | 197.71 | OK | |
r-release-linux-x86_64 | 1.3 | 11.22 | 180.11 | 191.33 | OK | |
r-release-macos-arm64 | 1.3 | 6.00 | ERROR | |||
r-release-macos-x86_64 | 1.3 | 133.00 | NOTE | |||
r-release-windows-x86_64 | 1.3 | 59.00 | 236.00 | 295.00 | OK | |
r-oldrel-macos-arm64 | 1.3 | 86.00 | NOTE | |||
r-oldrel-macos-x86_64 | 1.3 | 90.00 | NOTE | |||
r-oldrel-windows-ix86+x86_64 | 1.3 | 33.00 | 205.00 | 238.00 | OK |
Version: 1.3
Check: dependencies in R code
Result: NOTE
Namespaces in Imports field not imported from:
‘KernSmooth’ ‘Mfuzz’ ‘SelectBoost’ ‘gplots’ ‘grid’ ‘jetset’ ‘magic’
‘msgps’ ‘splines’ ‘stats4’ ‘survival’
All declared Imports should be used.
Flavors: r-devel-linux-x86_64-fedora-clang, r-devel-linux-x86_64-fedora-gcc, r-release-macos-x86_64, r-oldrel-macos-arm64, r-oldrel-macos-x86_64
Version: 1.3
Check: package dependencies
Result: ERROR
Package required but not available: ‘Mfuzz’
See section ‘The DESCRIPTION file’ in the ‘Writing R Extensions’
manual.
Flavor: r-release-macos-arm64