Last updated on 2023-02-01 03:54:23 CET.
Flavor | Version | Tinstall | Tcheck | Ttotal | Status | Flags |
---|---|---|---|---|---|---|
r-devel-linux-x86_64-debian-clang | 0.3.7 | 34.03 | 287.34 | 321.37 | OK | |
r-devel-linux-x86_64-debian-gcc | 0.3.7 | 26.75 | 208.90 | 235.65 | OK | |
r-devel-linux-x86_64-fedora-clang | 0.3.7 | 379.86 | NOTE | |||
r-devel-linux-x86_64-fedora-gcc | 0.3.7 | 417.57 | NOTE | |||
r-devel-windows-x86_64 | 0.3.7 | 50.00 | 290.00 | 340.00 | NOTE | |
r-patched-linux-x86_64 | 0.3.7 | 22.28 | 274.15 | 296.43 | OK | |
r-release-linux-x86_64 | 0.3.7 | 24.07 | 276.10 | 300.17 | OK | |
r-release-macos-arm64 | 0.3.7 | 99.00 | NOTE | |||
r-release-macos-x86_64 | 0.3.7 | 113.00 | NOTE | |||
r-release-windows-x86_64 | 0.3.7 | 52.00 | 293.00 | 345.00 | NOTE | |
r-oldrel-macos-arm64 | 0.3.7 | 81.00 | NOTE | |||
r-oldrel-macos-x86_64 | 0.3.7 | 111.00 | NOTE | |||
r-oldrel-windows-ix86+x86_64 | 0.3.7 | 70.00 | 279.00 | 349.00 | NOTE |
Version: 0.3.7
Check: installed package size
Result: NOTE
installed size is 9.0Mb
sub-directories of 1Mb or more:
extdata 8.8Mb
Flavors: r-devel-linux-x86_64-fedora-clang, r-devel-windows-x86_64, r-release-macos-arm64, r-release-macos-x86_64, r-release-windows-x86_64, r-oldrel-macos-arm64, r-oldrel-macos-x86_64, r-oldrel-windows-ix86+x86_64
Version: 0.3.7
Check: dependencies in R code
Result: NOTE
Namespaces in Imports field not imported from:
‘caret’ ‘gstat’ ‘pryr’
All declared Imports should be used.
Flavors: r-devel-linux-x86_64-fedora-clang, r-devel-linux-x86_64-fedora-gcc, r-release-macos-arm64, r-release-macos-x86_64, r-oldrel-macos-arm64, r-oldrel-macos-x86_64