CRAN Package Check Results for Package PanelCount

Last updated on 2022-06-29 15:50:00 CEST.

Flavor Version Tinstall Tcheck Ttotal Status Flags
r-devel-linux-x86_64-debian-clang 1.0.9 32.76 37.26 70.02 OK
r-devel-linux-x86_64-debian-gcc 1.0.9 25.56 29.02 54.58 OK
r-devel-linux-x86_64-fedora-clang 1.0.9 106.19 NOTE
r-devel-linux-x86_64-fedora-gcc 1.0.9 98.26 NOTE
r-devel-windows-x86_64 1.0.9 42.00 80.00 122.00 OK
r-patched-linux-x86_64 1.0.9 25.52 36.36 61.88 OK
r-release-linux-x86_64 1.0.9 27.29 36.09 63.38 OK
r-release-macos-arm64 1.0.9 25.00 OK
r-release-macos-x86_64 1.0.9 36.00 OK
r-release-windows-x86_64 1.0.9 40.00 80.00 120.00 OK
r-oldrel-macos-arm64 1.0.9 29.00 OK
r-oldrel-macos-x86_64 1.0.9 46.00 OK
r-oldrel-windows-ix86+x86_64 1.0.9 79.00 82.00 161.00 OK

Check Details

Version: 1.0.9
Check: compiled code
Result: NOTE
    File ‘PanelCount/libs/PanelCount.so’:
     Found no calls to: ‘R_registerRoutines’, ‘R_useDynamicSymbols’
    
    It is good practice to register native routines and to disable symbol
    search.
    
    See ‘Writing portable packages’ in the ‘Writing R Extensions’ manual.
Flavors: r-devel-linux-x86_64-fedora-clang, r-devel-linux-x86_64-fedora-gcc